{"id":773,"date":"2022-08-25T03:48:07","date_gmt":"2022-08-25T03:48:07","guid":{"rendered":"https:\/\/dotlifev4-5.themegoods.com\/fitness-trainer\/?page_id=773"},"modified":"2025-03-17T19:19:20","modified_gmt":"2025-03-17T18:19:20","slug":"firmenevents","status":"publish","type":"page","link":"https:\/\/maxbaumert.de\/?page_id=773","title":{"rendered":"Firmenevents"},"content":{"rendered":"\t\t<div data-elementor-type=\"wp-page\" data-elementor-id=\"773\" class=\"elementor elementor-773\">\n\t\t\t\t<div class=\"elementor-element elementor-element-fe2c86d e-flex e-con-boxed e-con e-parent\" data-id=\"fe2c86d\" data-element_type=\"container\" data-e-type=\"container\" data-settings=\"{&quot;background_background&quot;:&quot;classic&quot;,&quot;dotlife_ext_is_background_parallax&quot;:&quot;false&quot;,&quot;dotlife_ext_is_background_backdrop&quot;:&quot;false&quot;,&quot;dotlife_ext_link_sidemenu&quot;:&quot;false&quot;,&quot;dotlife_ext_link_fullmenu&quot;:&quot;false&quot;,&quot;dotlife_ext_link_closed_fullmenu&quot;:&quot;false&quot;,&quot;dotlife_ext_is_scrollme&quot;:&quot;false&quot;,&quot;dotlife_ext_is_smoove&quot;:&quot;false&quot;,&quot;dotlife_ext_is_parallax_mouse&quot;:&quot;false&quot;,&quot;dotlife_ext_is_infinite&quot;:&quot;false&quot;,&quot;dotlife_ext_is_fadeout_animation&quot;:&quot;false&quot;,&quot;dotlife_ext_mobile_static&quot;:&quot;false&quot;}\">\n\t\t\t\t\t<div class=\"e-con-inner\">\n\t\t<div class=\"elementor-element elementor-element-2daec8f e-con-full e-flex e-con e-child\" data-id=\"2daec8f\" data-element_type=\"container\" data-e-type=\"container\" data-settings=\"{&quot;dotlife_ext_is_background_parallax&quot;:&quot;false&quot;,&quot;dotlife_ext_is_background_backdrop&quot;:&quot;false&quot;,&quot;dotlife_ext_link_sidemenu&quot;:&quot;false&quot;,&quot;dotlife_ext_link_fullmenu&quot;:&quot;false&quot;,&quot;dotlife_ext_link_closed_fullmenu&quot;:&quot;false&quot;,&quot;dotlife_ext_is_scrollme&quot;:&quot;false&quot;,&quot;dotlife_ext_is_smoove&quot;:&quot;false&quot;,&quot;dotlife_ext_is_parallax_mouse&quot;:&quot;false&quot;,&quot;dotlife_ext_is_infinite&quot;:&quot;false&quot;,&quot;dotlife_ext_is_fadeout_animation&quot;:&quot;false&quot;,&quot;dotlife_ext_mobile_static&quot;:&quot;false&quot;}\">\n\t\t\t\t<div class=\"elementor-element elementor-element-a53d159 elementor-widget elementor-widget-heading\" data-id=\"a53d159\" data-element_type=\"widget\" data-e-type=\"widget\" data-settings=\"{&quot;dotlife_ext_link_sidemenu&quot;:&quot;false&quot;,&quot;dotlife_ext_link_fullmenu&quot;:&quot;false&quot;,&quot;dotlife_ext_link_closed_fullmenu&quot;:&quot;false&quot;,&quot;dotlife_ext_is_scrollme&quot;:&quot;false&quot;,&quot;dotlife_ext_is_smoove&quot;:&quot;false&quot;,&quot;dotlife_ext_is_parallax_mouse&quot;:&quot;false&quot;,&quot;dotlife_ext_is_infinite&quot;:&quot;false&quot;,&quot;dotlife_ext_is_fadeout_animation&quot;:&quot;false&quot;,&quot;dotlife_ext_mobile_static&quot;:&quot;false&quot;}\" data-widget_type=\"heading.default\">\n\t\t\t\t<div class=\"elementor-widget-container\">\n\t\t\t\t\t<h1 class=\"elementor-heading-title elementor-size-default\">Firmenevents<\/h1>\t\t\t\t<\/div>\n\t\t\t\t<\/div>\n\t\t\t\t<div class=\"elementor-element elementor-element-a3fd207 elementor-widget elementor-widget-heading\" data-id=\"a3fd207\" data-element_type=\"widget\" data-e-type=\"widget\" data-settings=\"{&quot;dotlife_ext_link_sidemenu&quot;:&quot;false&quot;,&quot;dotlife_ext_link_fullmenu&quot;:&quot;false&quot;,&quot;dotlife_ext_link_closed_fullmenu&quot;:&quot;false&quot;,&quot;dotlife_ext_is_scrollme&quot;:&quot;false&quot;,&quot;dotlife_ext_is_smoove&quot;:&quot;false&quot;,&quot;dotlife_ext_is_parallax_mouse&quot;:&quot;false&quot;,&quot;dotlife_ext_is_infinite&quot;:&quot;false&quot;,&quot;dotlife_ext_is_fadeout_animation&quot;:&quot;false&quot;,&quot;dotlife_ext_mobile_static&quot;:&quot;false&quot;}\" data-widget_type=\"heading.default\">\n\t\t\t\t<div class=\"elementor-widget-container\">\n\t\t\t\t\t<h2 class=\"elementor-heading-title elementor-size-default\">Gemeinsam Ziele erreichen \u2013 Firmenfitness und Teamevents der Extraklasse\n<\/h2>\t\t\t\t<\/div>\n\t\t\t\t<\/div>\n\t\t\t\t<div class=\"elementor-element elementor-element-b20c7d5 elementor-widget elementor-widget-text-editor\" data-id=\"b20c7d5\" data-element_type=\"widget\" data-e-type=\"widget\" data-settings=\"{&quot;dotlife_ext_link_sidemenu&quot;:&quot;false&quot;,&quot;dotlife_ext_link_fullmenu&quot;:&quot;false&quot;,&quot;dotlife_ext_link_closed_fullmenu&quot;:&quot;false&quot;,&quot;dotlife_ext_is_scrollme&quot;:&quot;false&quot;,&quot;dotlife_ext_is_smoove&quot;:&quot;false&quot;,&quot;dotlife_ext_is_parallax_mouse&quot;:&quot;false&quot;,&quot;dotlife_ext_is_infinite&quot;:&quot;false&quot;,&quot;dotlife_ext_is_fadeout_animation&quot;:&quot;false&quot;,&quot;dotlife_ext_mobile_static&quot;:&quot;false&quot;}\" data-widget_type=\"text-editor.default\">\n\t\t\t\t<div class=\"elementor-widget-container\">\n\t\t\t\t\t\t\t\t\t<p>Ob Vortr\u00e4ge, Workshops oder Gesundheitstage \u2013 unsere ma\u00dfgeschneiderten Programme bringen nicht nur Bewegung in Ihren Alltag, sondern f\u00f6rdern auch die Motivation und den Teamgeist Ihrer Mitarbeiter. Erleben Sie, wie bewusste Ern\u00e4hrung, gezielte Fitness-\u00dcbungen und interaktive Events Ihre Produktivit\u00e4t steigern und das Wohlbefinden Ihrer Belegschaft nachhaltig verbessern. Lassen Sie uns gemeinsam Ihre Vision von einem gesunden und erfolgreichen Team realisieren!<br><\/p>\t\t\t\t\t\t\t\t<\/div>\n\t\t\t\t<\/div>\n\t\t\t\t<\/div>\n\t\t\t\t<div class=\"elementor-element elementor-element-a899404 elementor-widget elementor-widget-dotlife-album-grid\" data-id=\"a899404\" data-element_type=\"widget\" data-e-type=\"widget\" data-settings=\"{&quot;_animation&quot;:&quot;none&quot;,&quot;dotlife_ext_link_sidemenu&quot;:&quot;false&quot;,&quot;dotlife_ext_link_fullmenu&quot;:&quot;false&quot;,&quot;dotlife_ext_link_closed_fullmenu&quot;:&quot;false&quot;,&quot;dotlife_ext_is_scrollme&quot;:&quot;false&quot;,&quot;dotlife_ext_is_smoove&quot;:&quot;false&quot;,&quot;dotlife_ext_is_parallax_mouse&quot;:&quot;false&quot;,&quot;dotlife_ext_is_infinite&quot;:&quot;false&quot;,&quot;dotlife_ext_is_fadeout_animation&quot;:&quot;false&quot;,&quot;dotlife_ext_mobile_static&quot;:&quot;false&quot;}\" data-widget_type=\"dotlife-album-grid.default\">\n\t\t\t\t<div class=\"elementor-widget-container\">\n\t\t\t\t\t<div class=\"gallery_grid_content_wrapper album_grid layout_tg_three_cols \">\n\t\t<a href=\"https:\/\/maxbaumert.de\/?page_id=1723\"  class=\"gallery_grid_item tg_three_cols  tilter tilter--5\">\n\t\t\t<figure class=\"tilter__figure\">\n\t\t\t\t<img decoding=\"async\" class=\"tilter__image\" src=\"https:\/\/maxbaumert.de\/wp-content\/uploads\/2024\/12\/darkened_02-660x913.jpg\" alt=\"\" \/>\n\t\t\t\t\t\n\t\t\t\t<figcaption class=\"tilter__caption\">\n\t\t\t\t\t<h3 class=\"tilter__title\"> Vortrag: Ern\u00e4hrung und Bewegung als Erfolgsfaktoren<\/h3>\n\t\t\t\t\t<p class=\"tilter__description\">Lerne, wie bewusste Ern\u00e4hrung und gezielte Bewegung die Energie und Produktivit\u00e4t deines Teams steigern k\u00f6nnen. Erhalte praktische Tipps und einen konkreten Aktionsplan f\u00fcr den Arbeitsalltag.<\/p>\n\t\t\t\t<\/figcaption>\n\t\t\t\t\n\t\t\t\t\t\t\t\t<svg class=\"tilter__deco tilter__deco--lines\" viewBox=\"0 0 300 415\">\n\t\t\t\t\t<path d=\"M20.5,20.5h260v375h-260V20.5z\" \/>\n\t\t\t\t<\/svg>\n\t\t\t\t\t\t\t<\/figure>\n\t\t<\/a>\n\t\t<a href=\"https:\/\/maxbaumert.de\/?page_id=1725\"  class=\"gallery_grid_item tg_three_cols  tilter tilter--5\">\n\t\t\t<figure class=\"tilter__figure\">\n\t\t\t\t<img decoding=\"async\" class=\"tilter__image\" src=\"https:\/\/maxbaumert.de\/wp-content\/uploads\/2024\/12\/darkened_01-660x913.jpg\" alt=\"\" \/>\n\t\t\t\t\t\n\t\t\t\t<figcaption class=\"tilter__caption\">\n\t\t\t\t\t<h3 class=\"tilter__title\">Workshop: Kickboxen f\u00fcr starke Teams<\/h3>\n\t\t\t\t\t<p class=\"tilter__description\">St\u00e4rke den Zusammenhalt und die Fitness deines Teams durch ein dynamisches Kickbox-Training. Ideal zur F\u00f6rderung von Motivation und Gesundheit.<\/p>\n\t\t\t\t<\/figcaption>\n\t\t\t\t\n\t\t\t\t\t\t\t\t<svg class=\"tilter__deco tilter__deco--lines\" viewBox=\"0 0 300 415\">\n\t\t\t\t\t<path d=\"M20.5,20.5h260v375h-260V20.5z\" \/>\n\t\t\t\t<\/svg>\n\t\t\t\t\t\t\t<\/figure>\n\t\t<\/a>\n\t\t<a href=\"https:\/\/maxbaumert.de\/?page_id=1480\"  class=\"gallery_grid_item tg_three_cols last tilter tilter--5\">\n\t\t\t<figure class=\"tilter__figure\">\n\t\t\t\t<img decoding=\"async\" class=\"tilter__image\" src=\"https:\/\/maxbaumert.de\/wp-content\/uploads\/2024\/12\/darkened_04-660x913.jpg\" alt=\"\" \/>\n\t\t\t\t\t\n\t\t\t\t<figcaption class=\"tilter__caption\">\n\t\t\t\t\t<h3 class=\"tilter__title\">Gesundheitstag: Motivation, Energie und Teamgeist st\u00e4rken<\/h3>\n\t\t\t\t\t<p class=\"tilter__description\">Ein Tag voller Energie: Trainings, Vortr\u00e4ge und gesunde Snacks f\u00fcr ein motiviertes und starkes Team. F\u00f6rdert das Wohlbefinden und die Zusammenarbeit.<\/p>\n\t\t\t\t<\/figcaption>\n\t\t\t\t\n\t\t\t\t\t\t\t\t<svg class=\"tilter__deco tilter__deco--lines\" viewBox=\"0 0 300 415\">\n\t\t\t\t\t<path d=\"M20.5,20.5h260v375h-260V20.5z\" \/>\n\t\t\t\t<\/svg>\n\t\t\t\t\t\t\t<\/figure>\n\t\t<\/a>\n<br class=\"clear\"\/>\n<\/div>\n\t\t\t\t<\/div>\n\t\t\t\t<\/div>\n\t\t\t\t\t<\/div>\n\t\t\t\t<\/div>\n\t\t\t\t<\/div>\n\t\t","protected":false},"excerpt":{"rendered":"<p>Firmenevents Gemeinsam Ziele erreichen \u2013 Firmenfitness und Teamevents der Extraklasse Ob Vortr\u00e4ge, Workshops oder Gesundheitstage \u2013 unsere ma\u00dfgeschneiderten Programme bringen nicht nur Bewegung in Ihren Alltag, sondern f\u00f6rdern auch die Motivation und den Teamgeist Ihrer Mitarbeiter. Erleben Sie, wie bewusste [&hellip;]<\/p>\n","protected":false},"author":1,"featured_media":0,"parent":0,"menu_order":0,"comment_status":"closed","ping_status":"closed","template":"elementor_header_footer","meta":{"footnotes":""},"class_list":["post-773","page","type-page","status-publish","hentry"],"yoast_head":"<!-- This site is optimized with the Yoast SEO plugin v24.6 - https:\/\/yoast.com\/wordpress\/plugins\/seo\/ -->\n<title>Firmenevents - Max Baumert<\/title>\n<meta name=\"description\" content=\"Firmenevents mit Max Baumert: Vortr\u00e4ge, Kickbox-Workshops &amp; Gesundheitstage. Motivation, Teamgeist &amp; Fitness f\u00fcr Ihr Team. Jetzt anfragen!\" \/>\n<meta name=\"robots\" content=\"index, follow, max-snippet:-1, max-image-preview:large, max-video-preview:-1\" \/>\n<link rel=\"canonical\" href=\"https:\/\/maxbaumert.de\/?page_id=773\" \/>\n<meta property=\"og:locale\" content=\"de_DE\" \/>\n<meta property=\"og:type\" content=\"article\" \/>\n<meta property=\"og:title\" content=\"Firmenevents - Max Baumert\" \/>\n<meta property=\"og:description\" content=\"Firmenevents mit Max Baumert: Vortr\u00e4ge, Kickbox-Workshops &amp; Gesundheitstage. Motivation, Teamgeist &amp; Fitness f\u00fcr Ihr Team. Jetzt anfragen!\" \/>\n<meta property=\"og:url\" content=\"https:\/\/maxbaumert.de\/?page_id=773\" \/>\n<meta property=\"og:site_name\" content=\"Max Baumert\" \/>\n<meta property=\"article:modified_time\" content=\"2025-03-17T18:19:20+00:00\" \/>\n<meta property=\"og:image\" content=\"https:\/\/maxbaumert.de\/wp-content\/uploads\/2024\/12\/darkened_02-660x913.jpg\" \/>\n<meta name=\"twitter:card\" content=\"summary_large_image\" \/>\n<meta name=\"twitter:label1\" content=\"Gesch\u00e4tzte Lesezeit\" \/>\n\t<meta name=\"twitter:data1\" content=\"2\u00a0Minuten\" \/>\n<script type=\"application\/ld+json\" class=\"yoast-schema-graph\">{\"@context\":\"https:\/\/schema.org\",\"@graph\":[{\"@type\":\"WebPage\",\"@id\":\"https:\/\/maxbaumert.de\/?page_id=773\",\"url\":\"https:\/\/maxbaumert.de\/?page_id=773\",\"name\":\"Firmenevents - Max Baumert\",\"isPartOf\":{\"@id\":\"https:\/\/maxbaumert.de\/#website\"},\"primaryImageOfPage\":{\"@id\":\"https:\/\/maxbaumert.de\/?page_id=773#primaryimage\"},\"image\":{\"@id\":\"https:\/\/maxbaumert.de\/?page_id=773#primaryimage\"},\"thumbnailUrl\":\"https:\/\/maxbaumert.de\/wp-content\/uploads\/2024\/12\/darkened_02-660x913.jpg\",\"datePublished\":\"2022-08-25T03:48:07+00:00\",\"dateModified\":\"2025-03-17T18:19:20+00:00\",\"description\":\"Firmenevents mit Max Baumert: Vortr\u00e4ge, Kickbox-Workshops & Gesundheitstage. Motivation, Teamgeist & Fitness f\u00fcr Ihr Team. Jetzt anfragen!\",\"breadcrumb\":{\"@id\":\"https:\/\/maxbaumert.de\/?page_id=773#breadcrumb\"},\"inLanguage\":\"de\",\"potentialAction\":[{\"@type\":\"ReadAction\",\"target\":[\"https:\/\/maxbaumert.de\/?page_id=773\"]}]},{\"@type\":\"ImageObject\",\"inLanguage\":\"de\",\"@id\":\"https:\/\/maxbaumert.de\/?page_id=773#primaryimage\",\"url\":\"https:\/\/maxbaumert.de\/wp-content\/uploads\/2024\/12\/darkened_02.jpg\",\"contentUrl\":\"https:\/\/maxbaumert.de\/wp-content\/uploads\/2024\/12\/darkened_02.jpg\",\"width\":2048,\"height\":1365},{\"@type\":\"BreadcrumbList\",\"@id\":\"https:\/\/maxbaumert.de\/?page_id=773#breadcrumb\",\"itemListElement\":[{\"@type\":\"ListItem\",\"position\":1,\"name\":\"Startseite\",\"item\":\"https:\/\/maxbaumert.de\/\"},{\"@type\":\"ListItem\",\"position\":2,\"name\":\"Firmenevents\"}]},{\"@type\":\"WebSite\",\"@id\":\"https:\/\/maxbaumert.de\/#website\",\"url\":\"https:\/\/maxbaumert.de\/\",\"name\":\"Max Baumert\",\"description\":\"Performance Coaching\",\"potentialAction\":[{\"@type\":\"SearchAction\",\"target\":{\"@type\":\"EntryPoint\",\"urlTemplate\":\"https:\/\/maxbaumert.de\/?s={search_term_string}\"},\"query-input\":{\"@type\":\"PropertyValueSpecification\",\"valueRequired\":true,\"valueName\":\"search_term_string\"}}],\"inLanguage\":\"de\"}]}<\/script>\n<!-- \/ Yoast SEO plugin. -->","yoast_head_json":{"title":"Firmenevents - Max Baumert","description":"Firmenevents mit Max Baumert: Vortr\u00e4ge, Kickbox-Workshops & Gesundheitstage. Motivation, Teamgeist & Fitness f\u00fcr Ihr Team. Jetzt anfragen!","robots":{"index":"index","follow":"follow","max-snippet":"max-snippet:-1","max-image-preview":"max-image-preview:large","max-video-preview":"max-video-preview:-1"},"canonical":"https:\/\/maxbaumert.de\/?page_id=773","og_locale":"de_DE","og_type":"article","og_title":"Firmenevents - Max Baumert","og_description":"Firmenevents mit Max Baumert: Vortr\u00e4ge, Kickbox-Workshops & Gesundheitstage. Motivation, Teamgeist & Fitness f\u00fcr Ihr Team. Jetzt anfragen!","og_url":"https:\/\/maxbaumert.de\/?page_id=773","og_site_name":"Max Baumert","article_modified_time":"2025-03-17T18:19:20+00:00","og_image":[{"url":"https:\/\/maxbaumert.de\/wp-content\/uploads\/2024\/12\/darkened_02-660x913.jpg","type":"","width":"","height":""}],"twitter_card":"summary_large_image","twitter_misc":{"Gesch\u00e4tzte Lesezeit":"2\u00a0Minuten"},"schema":{"@context":"https:\/\/schema.org","@graph":[{"@type":"WebPage","@id":"https:\/\/maxbaumert.de\/?page_id=773","url":"https:\/\/maxbaumert.de\/?page_id=773","name":"Firmenevents - Max Baumert","isPartOf":{"@id":"https:\/\/maxbaumert.de\/#website"},"primaryImageOfPage":{"@id":"https:\/\/maxbaumert.de\/?page_id=773#primaryimage"},"image":{"@id":"https:\/\/maxbaumert.de\/?page_id=773#primaryimage"},"thumbnailUrl":"https:\/\/maxbaumert.de\/wp-content\/uploads\/2024\/12\/darkened_02-660x913.jpg","datePublished":"2022-08-25T03:48:07+00:00","dateModified":"2025-03-17T18:19:20+00:00","description":"Firmenevents mit Max Baumert: Vortr\u00e4ge, Kickbox-Workshops & Gesundheitstage. Motivation, Teamgeist & Fitness f\u00fcr Ihr Team. Jetzt anfragen!","breadcrumb":{"@id":"https:\/\/maxbaumert.de\/?page_id=773#breadcrumb"},"inLanguage":"de","potentialAction":[{"@type":"ReadAction","target":["https:\/\/maxbaumert.de\/?page_id=773"]}]},{"@type":"ImageObject","inLanguage":"de","@id":"https:\/\/maxbaumert.de\/?page_id=773#primaryimage","url":"https:\/\/maxbaumert.de\/wp-content\/uploads\/2024\/12\/darkened_02.jpg","contentUrl":"https:\/\/maxbaumert.de\/wp-content\/uploads\/2024\/12\/darkened_02.jpg","width":2048,"height":1365},{"@type":"BreadcrumbList","@id":"https:\/\/maxbaumert.de\/?page_id=773#breadcrumb","itemListElement":[{"@type":"ListItem","position":1,"name":"Startseite","item":"https:\/\/maxbaumert.de\/"},{"@type":"ListItem","position":2,"name":"Firmenevents"}]},{"@type":"WebSite","@id":"https:\/\/maxbaumert.de\/#website","url":"https:\/\/maxbaumert.de\/","name":"Max Baumert","description":"Performance Coaching","potentialAction":[{"@type":"SearchAction","target":{"@type":"EntryPoint","urlTemplate":"https:\/\/maxbaumert.de\/?s={search_term_string}"},"query-input":{"@type":"PropertyValueSpecification","valueRequired":true,"valueName":"search_term_string"}}],"inLanguage":"de"}]}},"_links":{"self":[{"href":"https:\/\/maxbaumert.de\/index.php?rest_route=\/wp\/v2\/pages\/773"}],"collection":[{"href":"https:\/\/maxbaumert.de\/index.php?rest_route=\/wp\/v2\/pages"}],"about":[{"href":"https:\/\/maxbaumert.de\/index.php?rest_route=\/wp\/v2\/types\/page"}],"author":[{"embeddable":true,"href":"https:\/\/maxbaumert.de\/index.php?rest_route=\/wp\/v2\/users\/1"}],"replies":[{"embeddable":true,"href":"https:\/\/maxbaumert.de\/index.php?rest_route=%2Fwp%2Fv2%2Fcomments&post=773"}],"version-history":[{"count":91,"href":"https:\/\/maxbaumert.de\/index.php?rest_route=\/wp\/v2\/pages\/773\/revisions"}],"predecessor-version":[{"id":2984,"href":"https:\/\/maxbaumert.de\/index.php?rest_route=\/wp\/v2\/pages\/773\/revisions\/2984"}],"wp:attachment":[{"href":"https:\/\/maxbaumert.de\/index.php?rest_route=%2Fwp%2Fv2%2Fmedia&parent=773"}],"curies":[{"name":"wp","href":"https:\/\/api.w.org\/{rel}","templated":true}]}}